
Let c(d) = -8*d**2 + 17. Give c(2).
-15
Let z(q) = q**3 + 161*q**2 + 1368*q + 1. What is z(-9)?
1
Let v(m) = -706*m - 8442. Determine v(-12).
30
Let x(b) = 2*b**2 + 16*b + 27. What is x(-6)?
3
Let h(t) = -t**3 + 15*t**2 - 17*t + 23. What is h(11)?
320
Let w(n) = n**2 + 109*n + 619. Calculate w(-6).
1
Let h(a) = -7*a**2 - 989*a - 288. Calculate h(-141).
-6
Let v(o) = 184*o**3 + 2*o**2 - 95*o + 94. What is v(1)?
185
Let h(s) = s**2 + 27*s - 1035. Give h(22).
43
Let g(x) = 2*x**2 - 8*x - 8. What is g(-1)?
2
Let w(g) = 3*g**3 - 20*g**2 - 7*g - 7. Give w(7).
-7
Let j(t) = -2*t**3 - 4*t**2 - 3*t - 10. Determine j(-4).
66
Let i(m) = -125*m + 9176. Determine i(74).
-74
Let d(w) = w**3 - 9*w**2 + 29*w - 109. Calculate d(7).
-4
Let l(g) = -12*g**3 + 32*g**2 - 51*g - 29. Calculate l(2).
-99
Let x(r) = -77*r - 229. What is x(-6)?
233
Let i(o) = 14*o**3 + 138*o**2 - 63*o - 425. Determine i(-10).
5
Let g(w) = -2*w**2 + 6198*w + 6199. Determine g(-1).
-1
Let a(p) = -p**2 + 33*p - 107. Give a(5).
33
Let b(c) = 8*c - 368. Calculate b(40).
-48
Let u(x) = 2*x**3 + 31*x**2 + 18*x + 128. What is u(-15)?
83
Let b(x) = x**2 - 15*x - 54. Calculate b(-6).
72
Let f(n) = n**2 - 24*n - 71. Give f(0).
-71
Let y(n) = 2*n**3 + 215*n**2 - 1239*n + 440. Determine y(-113).
-12
Let l(v) = 18*v**2 - 4538*v + 510. Give l(252).
6
Let z(p) = 1367*p - 15026. What is z(11)?
11
Let p(s) = 1170*s - 19890. Give p(17).
0
Let t(s) = s**3 - 57*s**2 - 180*s - 10. Give t(60).
-10
Let y(i) = -266*i - 1592. Calculate y(-6).
4
Let v(y) = y**3 + 5*y**2 - 19*y - 16. Calculate v(-7).
19
Let l(u) = -u**3 - 11*u**2 - 11*u + 27. Give l(-8).
-77
Let t(g) = -4*g**3 - 173*g**2 - 41*g + 53. Determine t(-43).
-33
Let a(j) = 4*j**2 + 532*j - 5108. Calculate a(-142).
4
Let h(x) = -12*x + 126. Determine h(11).
-6
Let v(l) = -2*l**2 - 33*l - 173. Calculate v(-15).
-128
Let k(i) = -78*i**2 + 200*i + 1. Determine k(1).
123
Let k(n) = -n - 174. Determine k(14).
-188
Let w(n) = n**2 + 61*n - 781. Calculate w(-72).
11
Let c(l) = -l**2 + 6*l - 11. Determine c(2).
-3
Let y(q) = -409*q + 6555. Determine y(16).
11
Let o(c) = -27*c**2 - 12*c + 61. What is o(3)?
-218
Let l(q) = -2*q**3 + 109*q**2 - 158*q - 88. What is l(53)?
-35
Let n(a) = a**3 + 24*a**2 + 23*a - 8. Calculate n(-23).
-8
Let j(l) = -3811*l - 19054. Give j(-5).
1
Let t(r) = 36*r + 1321. Calculate t(-37).
-11
Let w(o) = o**3 - 21*o**2 - 50*o + 45. What is w(23)?
-47
Let q(b) = -2*b + 1. Calculate q(-5).
11
Let k(l) = -274*l + 1920. Calculate k(7).
2
Let w(m) = 2*m**2 - 26*m + 37. What is w(10)?
-23
Let z(v) = 11*v - 215. What is z(57)?
412
Let o(p) = -p**3 - 7*p**2 + 10*p - 188. What is o(-10)?
12
Let a(f) = f**2 - 41*f + 308. Give a(30).
-22
Let w(i) = 4*i**3 + 11*i**2 - i - 1. Calculate w(-3).
-7
Let m(b) = 1258*b - 9827. What is m(8)?
237
Let a(i) = -4*i**2 - 31*i + 1. Determine a(-6).
43
Let b(l) = 7*l**3 - 2*l**2 + 5*l - 2. Determine b(-3).
-224
Let i(a) = -5*a**3 + a**2 - 10*a + 7. Give i(2).
-49
Let j(b) = -773*b - 3885. Calculate j(-5).
-20
Let y(n) = -2*n**3 - 40*n**2 - 35*n + 130. Give y(-19).
73
Let b(p) = 30*p - 932. Determine b(31).
-2
Let q(g) = -34*g**2 - g + 3. What is q(-2)?
-131
Let z(m) = -556*m + 7220. Give z(13).
-8
Let u(y) = 2*y**2 + 35*y + 34. What is u(-16)?
-14
Let z(o) = -21*o + 1541. Give z(74).
-13
Let m(b) = 46*b**3 + 4*b**2 + 7*b + 4. Determine m(-2).
-362
Let u(n) = -464*n + 2804. Calculate u(6).
20
Let s(w) = -366*w + 3330. What is s(9)?
36
Let o(x) = -x**3 + 14*x**2 - 34*x + 46. Calculate o(8).
158
Let r(u) = -19*u**3 - u**2 - 19*u - 28. Calculate r(-4).
1248
Let i(p) = -p**3 - 29*p**2 - 71*p + 152. Determine i(-26).
-30
Let g(x) = 2*x**2 - 28*x - 115. Determine g(-5).
75
Let v(q) = 2*q**2 + 62*q + 5. Give v(-29).
-111
Let u(t) = t**3 - 12*t**2 - t - 214. Determine u(11).
-346
Let b(j) = j**2 - 51*j + 101. Calculate b(44).
-207
Let q(h) = -465*h + 22788. Determine q(49).
3
Let h(v) = -v**3 - 46*v**2 - 80*v + 343. Determine h(-44).
-9
Let i(r) = r**3 - 71*r**2 + 671*r - 655. Calculate i(60).
5
Let f(r) = -5*r**3 - 15*r**2 - 17*r - 32. What is f(-4)?
116
Let c(g) = -2*g**2 - 38*g + 26. Give c(-16).
122
Let f(r) = -r**3 + 109*r**2 + 692*r + 4. Determine f(-6).
-8
Let l(i) = -5*i**3 + 3*i**2 + 47*i + 150. Give l(-3).
171
Let k(t) = -2*t**2 + 34*t + 306. What is k(-6)?
30
Let g(k) = -483*k - 1845. Calculate g(-4).
87
Let n(f) = -2*f**3 + 13*f**2 - 38*f + 183. What is n(6)?
-9
Let g(n) = -n**2 - 220*n + 1806. Give g(8).
-18
Let g(t) = -2*t**2 + 5*t + 31. Calculate g(-8).
-137
Let o(u) = -u**3 + u**2 - 94*u - 191. Give o(-2).
9
Let q(h) = -h**3 - 54*h**2 + 5*h + 495. Give q(-54).
225
Let d(r) = r**3 - 6*r**2 + 111*r - 845. What is d(7)?
-19
Let s(p) = -7*p**2 + 3*p - 5. Determine s(2).
-27
Let j(d) = 3*d**2 - 7*d + 18. Determine j(4).
38
Let a(v) = -2*v**3 + 3*v**2 - 5*v - 6. Calculate a(-1).
4
Let x(n) = n**2 + 146*n + 4343. What is x(-42)?
-25
Let m(s) = -2*s**2 + 157*s + 2464. What is m(92)?
-20
Let p(f) = f + 31. What is p(25)?
56
Let g(z) = z**2 - 9*z - 68. Calculate g(26).
374
Let b(i) = -2*i**3 + 11*i**2 - 66*i + 528. Give b(7).
-81
Let r(v) = -v**2 + 57*v + 714. Give r(70).
-196
Let m(i) = 4*i**3 + 8*i**2 - 82*i + 4. Determine m(-6).
-80
Let d(c) = -c**2 - 47*c - 463. Give d(-23).
89
Let l(m) = 9*m + 103. Determine l(25).
328
Let m(s) = -8*s**2 + 35*s - 9. Calculate m(4).
3
Let r(u) = u**3 - 11*u**2 + 159*u - 1144. Give r(8).
-64
Let s(x) = -53*x - 4146. Determine s(-81).
147
Let f(a) = -123*a - 1080. Determine f(-10).
150
Let m(i) = i**3 + 116*i**2 + 124*i + 1028. Calculate m(-115).
-7
Let h(v) = 3*v**2 + 15*v + 54. Calculate h(-4).
42
Let g(y) = -7*y**3 + 33*y**2 + 65*y - 64. Give g(6).
2
Let x(q) = q**2 + 13*q - 121. What is x(6)?
-7
Let y(f) = f**3 - 27*f**2 + 37*f + 92. What is y(3)?
-13
Let z(l) = -l**3 - 19*l**2 - 40*l + 115. What is z(-16)?
-13
Let b(h) = -71*h - 1839. Calculate b(-23).
-206
Let x(s) = -97*s**3 - 2*s**2 + 8*s + 9. Calculate x(-1).
96
Let m(h) = 2*h**3 - 4*h**2 - h + 25. Determine m(3).
40
Let n(r) = 2*r - 25. Calculate n(1).
-23
Let k(n) = 944*n + 3814. What is k(-4)?
38
Let h(k) = -k**2 + 11*k + 223. Calculate h(0).
223
Let n(i) = 5*i**2 + 472*i + 9376. Determine n(-66).
4
Let c(k) = -k**3 + 7*k**2 + 3*k - 12. Determine c(9).
-147
Let m(d) = -2*d**2 - 43*d - 47. Calculate m(-7).
156
Let i(d) = -d**3 + 155*d**2 + 81*d - 12565. What is i(155)?
-10
Let d(f) = -139*f - 1. Give d(1).
-140
Let g(w) = 114*w + 1228. Calculate g(-11).
-26
Let l(p) = -5*p**3 - 10*p**2 - 18*p - 12. What is l(-4)?
220
Let o(u) = 5*u**2 - 9*u + 5. Calculate o(-5).
175
Let s(q) = -252*q + 1023. Give s(4).
15
Let s(n) = 119*n + 1007. Calculate s(-10).
-183
Let a(m) = 177*m - 1282. Determine a(7).
-43
Let p(h) = -2*h**3 + 35*h**2 - 25*h - 77. Determine p(17).
-213
Let h(a) = 2*a**2 - 39*a + 123. Determine h(15).
-12
Let c(d) = d**2 + 9*d - 156. Give c(-18).
6
Let q(o) = o**3 - 10*o**2 - 3227*o + 35362. Determine q(11).
-14
Let m(z) = 3*z**3 - 11*z + 5. What is m(-4)?
-143
Let i(l) = -l**2 + 39*l - 248. What is i(7)?
-24
Let l(u) = -17*u**2 + u + 15. What is l(3)?
-135
Let b(l) = -175*l - 2063. Calculate b(-12).
37
Let h(c) = -c**3 - 66*c**2 - 95*c + 5917. What is h(-63)?
-5
Let q(i) = -9*i**3 - i**2 - 14*i - 15. What is q(-1)?
7
Let n(f) = 124*f**2 - 8*f + 1. Calculate n(1).
117
Let h(i) = -47*i + 654. Determine h(14).
-4
Let v(z) = -121*z + 2112. What is v(21)?
-429
Let m(l) = -30*l**2 - 1201*l - 34. Give m(-40).
6
Let o(i) = 2181*i - 13068. Determine o(6).
18
Let v(b) = 57*b - 40. Calculate v(-4).
-268
Let q(x) = -10*x**2 + 93*x + 199. Give q(-2).
-27
Let n(v) = v**2 + 43*v - 352. What is n(-50)?
-2
Let y(g) = -2*g - 126. What is y(29)?
-184
Let i(k) = k**3 - 10*k**2 - 39*k + 395. Calculate i(8).
-45
Let j(c) = c**3 - c**2 - 3*c + 79. Give j(0).
79
Let x(c) = 2*c**2 - 29*c - 1722. What is x(-22)?
-116
Let d(l) = 37*l + 3085. Calculate d(-83).
14
Let v(b) = -13*b + 184. What is v(-11)?
327
Let k(m) = -m**3 + 7*m**2 + 54*m - 349. Determine k(8).
19
Let r(h) = -h**3 - 9*h**2 + 11*h + 55. Determine r(-9).
-44
Let d(k) = 5*k**2 + 20*k + 94. What is d(-4)?
94
Let n(u) = -1222*u + 3551. Give n(3).
-115
Let i(n) = 229*n**3 + 6*n**2 + 6*n. What is i(-1)?
-229
Let p(l) = 2*l**3 + 25*l**2 - 14*l + 27. Give p(-14).
-365
Let x(m) = -